RESUMENES METEOROLOGICOS ESTILO NOAA
2024: Enero | Febrero | Marzo | Abril | Mayo | Junio | Julio | Agosto | Septiembre | Octubre | Noviembre | Diciembre
2023: Enero | Febrero | Marzo | Abril | Mayo | Junio | Julio | Agosto | Septiembre | Octubre | Noviembre | Diciembre
2022: Enero | Febrero | Marzo | Abril | Mayo | Junio | Julio | Agosto | Septiembre | Octubre | Noviembre | Diciembre
2021: Enero | Febrero | Marzo | Abril | Mayo | Junio | Julio | Agosto | Septiembre | Octubre | Noviembre | Diciembre
2020: Enero | Febrero | Marzo | Abril | Mayo | Junio | Julio | Agosto | Septiembre | Octubre | Noviembre | Diciembre
2019: Enero | Febrero | Marzo | Abril | Mayo | Junio | Julio | Agosto | Septiembre | Octubre | Noviembre | Diciembre
2018: Enero | Febrero | Marzo | Abril | Mayo | Junio | Julio | Agosto | Septiembre | Octubre | Noviembre | Diciembre
2017: Enero | Febrero | Marzo | Abril | Mayo | Junio | Julio | Agosto | Septiembre | Octubre | Noviembre | Diciembre
2016: Enero | Febrero | Marzo | Abril | Mayo | Junio | Julio | Agosto | Septiembre | Octubre | Noviembre | Diciembre
2015: Enero | Febrero | Marzo | Abril | Mayo | Junio | Julio | Agosto | Septiembre | Octubre | Noviembre | Diciembre
2014: Enero | Febrero | Marzo | Abril | Mayo | Junio | Julio | Agosto | Septiembre | Octubre | Noviembre | Diciembre
2013: Enero | Febrero | Marzo | Abril | Mayo | Junio | Julio | Agosto | Septiembre | Octubre | Noviembre | Diciembre
Report for 2015 02
RESUMEN CLIMATOLÓGICO MENSUAL para FEB. 2015
NOMBRE: Xert, Pla de la font CIUDAD: Xert ESTADO: (Castellón)
ALT: 452 m LAT: 40° 30' 00" N LONG: 0° 12' 00" E
TEMPERATURA (°C), LLUVIA (mm), VELOCIDAD DEL VIENTO (km/h)
GRAD GRAD VEL
TEMP DIA DIA VIEN DIR
DIA MED MAX HORA MIN HORA CAL. FRIO LLUV MED MAX HORA DOM
------------------------------------------------------------------------------------
01 5.4 7.6 14:00 4.1 17:45 12.9 0.0 0.2 22.8 122.3 11:15 WNW
02 6.2 11.6 16:25 1.4 05:30 12.1 0.0 0.0 4.5 35.4 03:15 WNW
03 6.5 10.7 14:45 3.2 23:10 11.8 0.0 5.0 13.7 115.8 08:40 WNW
04 1.6 3.6 00:00 -0.3 08:00 16.7 0.0 0.0 18.3 91.7 15:40 NW
05 1.8 4.6 15:20 0.2 04:20 16.5 0.0 0.0 28.5 101.4 18:45 WNW
06 1.3 4.7 13:50 -1.3 06:35 17.0 0.0 0.0 18.6 72.4 03:55 WNW
07 2.7 8.1 15:35 0.6 01:30 15.6 0.0 0.0 9.3 40.2 08:10 WNW
08 4.9 9.7 14:20 1.4 07:15 13.4 0.0 0.0 13.9 59.5 19:30 WNW
09 4.8 10.7 15:20 -0.7 00:00 13.5 0.0 0.0 5.7 35.4 00:15 W
10 4.7 13.6 13:45 -1.5 04:15 13.6 0.0 0.0 2.7 24.1 15:50 W
11 5.6 11.3 13:05 1.1 00:00 12.7 0.0 0.0 1.3 14.5 01:05 W
12 6.6 10.5 15:15 2.3 00:50 11.7 0.0 0.0 1.3 12.9 23:35 WNW
13 8.0 14.4 12:35 3.5 07:00 10.3 0.0 0.0 3.0 22.5 12:50 WNW
14 7.5 13.3 14:45 2.5 00:20 10.8 0.0 0.2 4.0 35.4 10:25 WNW
15 10.4 17.4 13:05 4.4 07:00 7.8 0.0 0.0 8.4 88.5 22:10 WNW
16 11.2 14.1 12:55 8.9 23:50 7.1 0.0 0.0 14.2 83.7 11:05 WNW
17 8.8 10.9 13:50 7.0 06:25 9.5 0.0 0.0 13.7 43.4 10:00 NW
18 8.3 13.2 14:30 3.9 23:05 10.0 0.0 0.0 12.0 48.3 03:15 NW
19 6.3 12.1 15:10 1.0 23:20 12.0 0.0 0.0 2.8 24.1 10:55 WNW
20 5.5 13.1 12:55 -0.6 06:00 12.8 0.0 0.0 2.8 24.1 11:45 W
21 7.4 11.6 14:40 3.4 03:00 10.9 0.0 1.4 15.3 90.1 15:55 WNW
22 8.6 12.2 23:40 5.5 06:45 9.7 0.0 0.0 21.2 93.3 11:35 NW
23 13.6 18.9 16:35 7.2 22:15 4.7 0.0 0.4 12.7 96.5 23:35 WNW
24 7.9 10.4 14:05 5.9 06:50 10.4 0.0 0.2 35.0 117.5 15:45 WNW
25 10.2 13.0 15:25 6.6 00:15 8.1 0.0 0.0 32.1 151.2 05:50 NW
26 13.7 16.2 12:30 12.1 06:50 4.6 0.0 0.0 23.5 88.5 00:40 NW
27 10.0 13.1 02:15 5.7 23:55 8.3 0.0 0.0 28.2 130.3 09:10 NW
28 11.0 15.1 14:00 5.2 06:00 7.3 0.0 0.0 7.6 46.7 01:35 WNW
-------------------------------------------------------------------------------------
7.2 18.9 23 -1.5 10 311.9 0.0 7.4 13.5 151.2 25 WNW
Max >= 32.0: 0
Max <= 0.0: 0
Min <= 0.0: 5
Min <= -18.0: 0
Max Rain: 5.00 ON 03/02/15
Days of Rain: 3 (> .2 mm) 1 (> 2 mm) 0 (> 20 mm)
Heat Base: 18.3 Cool Base: 18.3 Method: Integration